{"id":143,"date":"2025-08-08T12:20:38","date_gmt":"2025-08-08T15:20:38","guid":{"rendered":"https:\/\/gruarosario.com.ar\/?page_id=143"},"modified":"2025-08-08T12:20:38","modified_gmt":"2025-08-08T15:20:38","slug":"grua-y-auxilio-mecanico-en-rosario","status":"publish","type":"page","link":"https:\/\/gruarosario.com.ar\/index.php\/grua-y-auxilio-mecanico-en-rosario\/","title":{"rendered":"Gr\u00faa y Auxilio Mec\u00e1nico en Rosario."},"content":{"rendered":"","protected":false},"excerpt":{"rendered":"","protected":false},"author":1,"featured_media":0,"parent":0,"menu_order":0,"comment_status":"closed","ping_status":"closed","template":"","meta":{"site-sidebar-layout":"default","site-content-layout":"","ast-site-content-layout":"default","site-content-style":"default","site-sidebar-style":"default","ast-global-header-display":"","ast-banner-title-visibility":"","ast-main-header-display":"","ast-hfb-above-header-display":"","ast-hfb-below-header-display":"","ast-hfb-mobile-header-display":"","site-post-title":"","ast-breadcrumbs-content":"","ast-featured-img":"","footer-sml-layout":"","theme-transparent-header-meta":"","adv-header-id-meta":"","stick-header-meta":"","header-above-stick-meta":"","header-main-stick-meta":"","header-below-stick-meta":"","astra-migrate-meta-layouts":"default","ast-page-background-enabled":"default","ast-page-background-meta":{"desktop":{"background-color":"var(--ast-global-color-5)","background-image":"","background-repeat":"repeat","background-position":"center center","background-size":"auto","background-attachment":"scroll","background-type":"","background-media":"","overlay-type":"","overlay-color":"","overlay-opacity":"","overlay-gradient":""},"tablet":{"background-color":"","background-image":"","background-repeat":"repeat","background-position":"center center","background-size":"auto","background-attachment":"scroll","background-type":"","background-media":"","overlay-type":"","overlay-color":"","overlay-opacity":"","overlay-gradient":""},"mobile":{"background-color":"","background-image":"","background-repeat":"repeat","background-position":"center center","background-size":"auto","background-attachment":"scroll","background-type":"","background-media":"","overlay-type":"","overlay-color":"","overlay-opacity":"","overlay-gradient":""}},"ast-content-background-meta":{"desktop":{"background-color":"var(--ast-global-color-4)","background-image":"","background-repeat":"repeat","background-position":"center center","background-size":"auto","background-attachment":"scroll","background-type":"","background-media":"","overlay-type":"","overlay-color":"","overlay-opacity":"","overlay-gradient":""},"tablet":{"background-color":"var(--ast-global-color-4)","background-image":"","background-repeat":"repeat","background-position":"center center","background-size":"auto","background-attachment":"scroll","background-type":"","background-media":"","overlay-type":"","overlay-color":"","overlay-opacity":"","overlay-gradient":""},"mobile":{"background-color":"var(--ast-global-color-4)","background-image":"","background-repeat":"repeat","background-position":"center center","background-size":"auto","background-attachment":"scroll","background-type":"","background-media":"","overlay-type":"","overlay-color":"","overlay-opacity":"","overlay-gradient":""}},"footnotes":""},"class_list":["post-143","page","type-page","status-publish","hentry"],"yoast_head":"<!-- This site is optimized with the Yoast SEO plugin v19.13 - https:\/\/yoast.com\/wordpress\/plugins\/seo\/ -->\n<title>Gr\u00faa y Auxilio Mec\u00e1nico en Rosario. - Gr\u00faa y Auxilio Mec\u00e1nico en Rosario \u2013 Servicio 24 Horas<\/title>\n<meta name=\"robots\" content=\"index, follow, max-snippet:-1, max-image-preview:large, max-video-preview:-1\" \/>\n<link rel=\"canonical\" href=\"https:\/\/gruarosario.com.ar\/index.php\/grua-y-auxilio-mecanico-en-rosario\/\" \/>\n<meta property=\"og:locale\" content=\"es_ES\" \/>\n<meta property=\"og:type\" content=\"article\" \/>\n<meta property=\"og:title\" content=\"Gr\u00faa y Auxilio Mec\u00e1nico en Rosario. - Gr\u00faa y Auxilio Mec\u00e1nico en Rosario \u2013 Servicio 24 Horas\" \/>\n<meta property=\"og:url\" content=\"https:\/\/gruarosario.com.ar\/index.php\/grua-y-auxilio-mecanico-en-rosario\/\" \/>\n<meta property=\"og:site_name\" content=\"Gr\u00faa y Auxilio Mec\u00e1nico en Rosario \u2013 Servicio 24 Horas\" \/>\n<meta property=\"article:publisher\" content=\"https:\/\/www.facebook.com\/auxiliosolari\" \/>\n<meta name=\"twitter:card\" content=\"summary_large_image\" \/>\n<script type=\"application\/ld+json\" class=\"yoast-schema-graph\">{\"@context\":\"https:\/\/schema.org\",\"@graph\":[{\"@type\":\"WebPage\",\"@id\":\"https:\/\/gruarosario.com.ar\/index.php\/grua-y-auxilio-mecanico-en-rosario\/\",\"url\":\"https:\/\/gruarosario.com.ar\/index.php\/grua-y-auxilio-mecanico-en-rosario\/\",\"name\":\"Gr\u00faa y Auxilio Mec\u00e1nico en Rosario. - Gr\u00faa y Auxilio Mec\u00e1nico en Rosario \u2013 Servicio 24 Horas\",\"isPartOf\":{\"@id\":\"https:\/\/gruarosario.com.ar\/#website\"},\"datePublished\":\"2025-08-08T15:20:38+00:00\",\"dateModified\":\"2025-08-08T15:20:38+00:00\",\"breadcrumb\":{\"@id\":\"https:\/\/gruarosario.com.ar\/index.php\/grua-y-auxilio-mecanico-en-rosario\/#breadcrumb\"},\"inLanguage\":\"es\",\"potentialAction\":[{\"@type\":\"ReadAction\",\"target\":[\"https:\/\/gruarosario.com.ar\/index.php\/grua-y-auxilio-mecanico-en-rosario\/\"]}]},{\"@type\":\"BreadcrumbList\",\"@id\":\"https:\/\/gruarosario.com.ar\/index.php\/grua-y-auxilio-mecanico-en-rosario\/#breadcrumb\",\"itemListElement\":[{\"@type\":\"ListItem\",\"position\":1,\"name\":\"Portada\",\"item\":\"https:\/\/gruarosario.com.ar\/\"},{\"@type\":\"ListItem\",\"position\":2,\"name\":\"Gr\u00faa y Auxilio Mec\u00e1nico en Rosario.\"}]},{\"@type\":\"WebSite\",\"@id\":\"https:\/\/gruarosario.com.ar\/#website\",\"url\":\"https:\/\/gruarosario.com.ar\/\",\"name\":\"Gr\u00faa y Auxilio Mec\u00e1nico en Rosario \u2013 Servicio 24 Horas\",\"description\":\"\u00bfNecesit\u00e1s una gr\u00faa r\u00e1pida y confiable en Rosario? Ofrecemos servicio de auxilio mec\u00e1nico y remolque las 24 horas, con atenci\u00f3n inmediata en toda la ciudad.\",\"publisher\":{\"@id\":\"https:\/\/gruarosario.com.ar\/#\/schema\/person\/dd4058ce61d039a5d99b0d93d5628db8\"},\"alternateName\":\"Gruas Rosario\",\"potentialAction\":[{\"@type\":\"SearchAction\",\"target\":{\"@type\":\"EntryPoint\",\"urlTemplate\":\"https:\/\/gruarosario.com.ar\/?s={search_term_string}\"},\"query-input\":\"required name=search_term_string\"}],\"inLanguage\":\"es\"},{\"@type\":[\"Person\",\"Organization\"],\"@id\":\"https:\/\/gruarosario.com.ar\/#\/schema\/person\/dd4058ce61d039a5d99b0d93d5628db8\",\"name\":\"admin\",\"image\":{\"@type\":\"ImageObject\",\"inLanguage\":\"es\",\"@id\":\"https:\/\/gruarosario.com.ar\/#\/schema\/person\/image\/\",\"url\":\"https:\/\/gruarosario.com.ar\/wp-content\/uploads\/2023\/04\/76971311_2503774593193722_3151911030624354304_n.jpg\",\"contentUrl\":\"https:\/\/gruarosario.com.ar\/wp-content\/uploads\/2023\/04\/76971311_2503774593193722_3151911030624354304_n.jpg\",\"width\":720,\"height\":726,\"caption\":\"admin\"},\"logo\":{\"@id\":\"https:\/\/gruarosario.com.ar\/#\/schema\/person\/image\/\"},\"sameAs\":[\"https:\/\/gruarosario.com.ar\",\"https:\/\/www.facebook.com\/auxiliosolari\",\"https:\/\/www.instagram.com\/auxiliosolari\/\"]}]}<\/script>\n<!-- \/ Yoast SEO plugin. -->","yoast_head_json":{"title":"Gr\u00faa y Auxilio Mec\u00e1nico en Rosario. - Gr\u00faa y Auxilio Mec\u00e1nico en Rosario \u2013 Servicio 24 Horas","robots":{"index":"index","follow":"follow","max-snippet":"max-snippet:-1","max-image-preview":"max-image-preview:large","max-video-preview":"max-video-preview:-1"},"canonical":"https:\/\/gruarosario.com.ar\/index.php\/grua-y-auxilio-mecanico-en-rosario\/","og_locale":"es_ES","og_type":"article","og_title":"Gr\u00faa y Auxilio Mec\u00e1nico en Rosario. - Gr\u00faa y Auxilio Mec\u00e1nico en Rosario \u2013 Servicio 24 Horas","og_url":"https:\/\/gruarosario.com.ar\/index.php\/grua-y-auxilio-mecanico-en-rosario\/","og_site_name":"Gr\u00faa y Auxilio Mec\u00e1nico en Rosario \u2013 Servicio 24 Horas","article_publisher":"https:\/\/www.facebook.com\/auxiliosolari","twitter_card":"summary_large_image","schema":{"@context":"https:\/\/schema.org","@graph":[{"@type":"WebPage","@id":"https:\/\/gruarosario.com.ar\/index.php\/grua-y-auxilio-mecanico-en-rosario\/","url":"https:\/\/gruarosario.com.ar\/index.php\/grua-y-auxilio-mecanico-en-rosario\/","name":"Gr\u00faa y Auxilio Mec\u00e1nico en Rosario. - Gr\u00faa y Auxilio Mec\u00e1nico en Rosario \u2013 Servicio 24 Horas","isPartOf":{"@id":"https:\/\/gruarosario.com.ar\/#website"},"datePublished":"2025-08-08T15:20:38+00:00","dateModified":"2025-08-08T15:20:38+00:00","breadcrumb":{"@id":"https:\/\/gruarosario.com.ar\/index.php\/grua-y-auxilio-mecanico-en-rosario\/#breadcrumb"},"inLanguage":"es","potentialAction":[{"@type":"ReadAction","target":["https:\/\/gruarosario.com.ar\/index.php\/grua-y-auxilio-mecanico-en-rosario\/"]}]},{"@type":"BreadcrumbList","@id":"https:\/\/gruarosario.com.ar\/index.php\/grua-y-auxilio-mecanico-en-rosario\/#breadcrumb","itemListElement":[{"@type":"ListItem","position":1,"name":"Portada","item":"https:\/\/gruarosario.com.ar\/"},{"@type":"ListItem","position":2,"name":"Gr\u00faa y Auxilio Mec\u00e1nico en Rosario."}]},{"@type":"WebSite","@id":"https:\/\/gruarosario.com.ar\/#website","url":"https:\/\/gruarosario.com.ar\/","name":"Gr\u00faa y Auxilio Mec\u00e1nico en Rosario \u2013 Servicio 24 Horas","description":"\u00bfNecesit\u00e1s una gr\u00faa r\u00e1pida y confiable en Rosario? Ofrecemos servicio de auxilio mec\u00e1nico y remolque las 24 horas, con atenci\u00f3n inmediata en toda la ciudad.","publisher":{"@id":"https:\/\/gruarosario.com.ar\/#\/schema\/person\/dd4058ce61d039a5d99b0d93d5628db8"},"alternateName":"Gruas Rosario","potentialAction":[{"@type":"SearchAction","target":{"@type":"EntryPoint","urlTemplate":"https:\/\/gruarosario.com.ar\/?s={search_term_string}"},"query-input":"required name=search_term_string"}],"inLanguage":"es"},{"@type":["Person","Organization"],"@id":"https:\/\/gruarosario.com.ar\/#\/schema\/person\/dd4058ce61d039a5d99b0d93d5628db8","name":"admin","image":{"@type":"ImageObject","inLanguage":"es","@id":"https:\/\/gruarosario.com.ar\/#\/schema\/person\/image\/","url":"https:\/\/gruarosario.com.ar\/wp-content\/uploads\/2023\/04\/76971311_2503774593193722_3151911030624354304_n.jpg","contentUrl":"https:\/\/gruarosario.com.ar\/wp-content\/uploads\/2023\/04\/76971311_2503774593193722_3151911030624354304_n.jpg","width":720,"height":726,"caption":"admin"},"logo":{"@id":"https:\/\/gruarosario.com.ar\/#\/schema\/person\/image\/"},"sameAs":["https:\/\/gruarosario.com.ar","https:\/\/www.facebook.com\/auxiliosolari","https:\/\/www.instagram.com\/auxiliosolari\/"]}]}},"_links":{"self":[{"href":"https:\/\/gruarosario.com.ar\/index.php\/wp-json\/wp\/v2\/pages\/143","targetHints":{"allow":["GET"]}}],"collection":[{"href":"https:\/\/gruarosario.com.ar\/index.php\/wp-json\/wp\/v2\/pages"}],"about":[{"href":"https:\/\/gruarosario.com.ar\/index.php\/wp-json\/wp\/v2\/types\/page"}],"author":[{"embeddable":true,"href":"https:\/\/gruarosario.com.ar\/index.php\/wp-json\/wp\/v2\/users\/1"}],"replies":[{"embeddable":true,"href":"https:\/\/gruarosario.com.ar\/index.php\/wp-json\/wp\/v2\/comments?post=143"}],"version-history":[{"count":1,"href":"https:\/\/gruarosario.com.ar\/index.php\/wp-json\/wp\/v2\/pages\/143\/revisions"}],"predecessor-version":[{"id":145,"href":"https:\/\/gruarosario.com.ar\/index.php\/wp-json\/wp\/v2\/pages\/143\/revisions\/145"}],"wp:attachment":[{"href":"https:\/\/gruarosario.com.ar\/index.php\/wp-json\/wp\/v2\/media?parent=143"}],"curies":[{"name":"wp","href":"https:\/\/api.w.org\/{rel}","templated":true}]}}